value of 4 - -30 - (304 + -255)?
-15
Evaluate (0 + 8 - (83 + -63 - -29)) + -10.
-51
Evaluate -14 - (49 - (2 - (21 + 10))).
-92
Calculate (-22 - (31 + -52)) + (11 - 1) - (-2 + 12).
-1
What is (-12 - (-36 + 55 + -1)) + 11?
-19
Evaluate 14 + (-19 - -74 - 103).
-34
What is the value of 19 + (-22 + 2 - 5) + 21?
15
(-16 + -16 - -34) + -3 + 18 + -2
15
Evaluate 4 + 30 + (83 - 41) + 35.
111
-4 - (-7 - -2) - (-25 - (-32 - -82))
76
What is the value of (3 - 1 - 4 - (71 + -79)) + 4 - 42?
-32
Calculate -25 - (1 + 13 - (18 - ((16 - 3) + 5))).
-39
What is the value of (1 - 1) + (-84 + 73 - (-10 - 0)) - -12?
11
What is 32 - (-48 + 27) - 25?
28
Calculate -133 + 227 + (-5 + 1 - 7 - -1).
84
Calculate -13 + (15 + -27 + -8 - 5).
-38
(-92 - -22) + 31 + (-81 - -31)
-89
What is 41 + -1 + (927 - 1012)?
-45
Calculate -42 + 22 + 12 - -17.
9
-247 + 162 - (14 + -4 + 5 + -9)
-91
What is (-1 - (-17 + (-6 - -11))) + -5 + 7 + -24?
-11
What is the value of -53 + (68 - (-34 + 65)) - (11 - -2)?
-29
Evaluate -2 - 0 - ((-27 - 21) + 48).
-2
Calculate 7 - (-96 - (-8 + 8 - -7 - -6)).
116
What is 13 + -112 + 85 + 59?
45
Calculate 274 - (76 - -75) - 120.
3
Evaluate -11 - (-6 - (8 + 12)).
15
Calculate (110 - 42) + -100 + -23.
-55
Calculate (165 + -95 - (116 + -50)) + (16 + 1 - 0).
21
-35 - (21 + (13 + 0 - -5))
-74
Evaluate 0 - 3 - (-6 + (16 - (22 - (-11 - -11)))).
9
Evaluate (-134 - 52) + 28 + 2 - ((-14 - -1) + -2).
-141
What is 1 - (20 + 1 + -1) - (-156 + 149)?
-12
What is -1 + -37 + (675 - 795) - -40?
-118
What is (22 - (-3 + -3 - -27)) + -1 + 15?
15
Calculate -52 + 36 + -15 + -4 + 7 + 25.
-3
Evaluate -34 + 35 + -18 + 23 - (1 + -32).
37
What is -95 + 130 + -24 + 4 + 2?
17
What is the value of 41 + (25 - 12 - (-9 + -8 + 26))?
45
Evaluate 17 + -21 + -15 + (12 - 3).
-10
What is the value of -1 + 14 + (-31 + -4 - (3 + 2))?
-27
What is (-1733 - -1738) + 6 + -3 + -50 + 10?
-32
(-1 - 31) + 930 + -934
-36
What is 128 + -140 + (14 - 2) + 59?
59
0 + -20 + 23 + -14 + (-1 - 40)
-52
What is the value of 79 + -30 + 51 + -58?
42
What is the value of -17 + 34 + (-17 - 8) - -42?
34
What is the value of (6 - (10 - 14 - 12)) + -4 + 11 + 3?
32
Evaluate -9 + (15 + 12 + -10 - 66).
-58
(0 - 20) + (76 - 22 - 25 - 26)
-17
Evaluate 58 - (-8 - (-33 - -13) - 20).
66
Calculate 72 + -96 + 67 + -13.
30
What is -40 - -62 - (376 - 269)?
-85
What is 164 + -7 - 41 - (22 + -15)?
109
1 + -1 + 40 + (128 - (105 + 23)) - -11
51
15 + (-34 - (-3 + -10)) - -8
2
What is the value of -4 - (-1 + -2) - 4 - 4 - (1 + -21)?
11
Calculate 6 + (64 - 62) + -58 + -4 + (-2 - 6).
-62
61 + -10 + -3 + 6 + (-13 - -17 - 8)
50
Evaluate -5 - (12 + (-1 - 30)) - -11.
25
Calculate -12219 + 12081 + 17 + (-3 - -2).
-122
Calculate -14 + 1 - (-27 + 14 - -14 - 8).
-6
-103 - (119 + -385 + 107)
56
What is the value of (65 - (65 + -40) - 22) + 12 + (0 - 2)?
28
Evaluate (32 - 70 - -27) + 24.
13
Calculate -2 - (-5 + -26 - (-11 - -25)).
43
Evaluate (81 - -2 - (-14 - -22 - -6)) + -1.
68
What is 2 + -9 + (-19 - -16) - -2 - (33 + 2)?
-43
What is the value of 1 - 12 - (-2 + (-13 - -22 - -2))?
-20
15 + (-11 - 23) - -14 - (1 - (-20 - -3))
-23
What is 0 + 5 + -13 - (481 + -473)?
-16
Calculate 8682 - 8577 - (1 + 208).
-104
-2 + -5 - (-9 - -11) - (8 - (117 + -13))
87
Calculate 211 - (1 + 34 + 70).
106
4 + 8 + 7 - (-70 + 98)
-9
Calculate (193 + -211 - (0 + -15)) + (37 - 1) + -1.
32
Calculate 83 + -6 + 16 + (9 + -12 - -13 - 9).
94
-14 + 36 + -7 + -3 - (-9 - 65)
86
What is 84 + -11 + -2 + 14 + -2 + -7 + -3?
73
Calculate -141 + 31 + (52 - 59).
-117
46 - (23 - 2 - (203 + -185))
43
What is 3 - 13 - 3 - ((-45 - -39) + -48)?
41
What is the value of -39 - ((14 - 148) + -28 + -7)?
130
14 + (-14 - (7 - 20 - -1)) + 4
16
Calculate (-41 - -36) + 27 - (3 - (6 - 11)) - -73.
87
(-5 - -21 - (25 + -28)) + 10
29
What is (-15 - 3) + 12 + -8 + 51?
37
Calculate (1 - 81) + (10 + (-33 + -7 - -25) - 10).
-95
2 + 2 - (-7 - (12 - (12 + -11)))
22
What is the value of -61 + (-1 + (-1 - -1) - (-167 + 134 + 41))?
-70
Calculate -42 + -51 + (84 - 37).
-46
What is -6 - (128 + -132 + 98)?
-100
What is the value of 185 + -13 + 90 - 142?
120
Calculate -18 + (607 - 604 - (0 + 69)).
-84
Evaluate -7 - (1 + 8 + 70 + -53 + -83).
50
What is the value of 2 + 0 + (-1 - -6) - (-50378 - -50297)?
88
-16 - (1 + 7 - (-62 + -15 + 21))
-80
Evaluate -13 - 1 - (508 - 535) - (8 + 55).
-50
What is 0 - (186 + -209 + (-52 - 3) + 19)?
59
Calculate (-51 - -53) + (-5 - (8 - -9)).
-20
Calculate (1 - 133) + (59 - (2 - -21)) + 14 + -37.
-119
Calculate -74 + (-515 - -490 - (0 + -16)).
-83
Calculate -283 + 272 - (-94 + (-9 - (1 + -7))).
86
Calculate 15 - -29 - (-6 + -15 + 28).
37
What is the value of 59 + -31 + (51 - 28)?
51
Evaluate -17893 + 17840 - (-1 - 146).
94
What is (-2 + 3 - (50 - 36)) + 21 + -6?
2
Evaluate 372 - 271 - (-7 + 3 - -10).
95
0 + 1 + 45 + -199 + 200 + -572 + 575
50
Evaluate (10 - (5 + -10 + 16) - 3) + -24 + -3.
-31
What is the value of (19 - (10 - 4) - 0) + -24 + -3 + -115?
-129
Evaluate 115 + (-58 - 46) - 84.
-73
(-24 - -16 - (-2 + -10)) + 42
46
Calculate -7 - (-20 + 13 + (7 - 10) - (0 + 82)).
85
What is (-4914 - -4896) + 1 + -70?
-87
-82 - (-17 + -66 + 51)
-50
13 + 9 - (8 + 8 + 44) - -19
-19
11 + (1 - -6) - (-53 + 48)
23
Evaluate 221 - 211 - (-18 + (-3 - (-10 + 3))).
24
Calculate -384 + 268 - (-1 - 39).
-76
Evaluate (-3 + 3 - (70 - 6)) + 3 + 10.
-51
What is the value of 10 + -26 - (-6 - -5 - 11)?
-4
Evaluate 32 + (-31 - 44) + 21 - -23.
1
Calculate 4 + (1 - -13) + 0 + (47 + -17 - 37).
11
Calculate (13 - 2 - (-1 + 0)) + (-223 - (93 - 316)).
12
(-21 - -130) + -74 - 88
-53
Evaluate 49 - (-51 + 94 + 25).
-19
Evaluate -99 + (-49 - (76 + -169)).
-55
What is -18 - ((-14 - -22) + -10 - -13)?
-29
30 + 9 + -27 - 14
-2
5 + -95 + -4 + 100
6
What is the value of (-28 - -36 - ((0 - -27) + -5)) + -5?
-19
What is -90 - ((-20 - 6) + 28 - 26)?
-66
5 + (11 + -9 - -98) + (-8 - -17 - 12)
102
Evaluate 46 + 23 + (-4 - (-5 + 0 + 7)).
63
(-1 - 19) + (164 - 38 - 92)
14
Evaluate 9 - ((59 - (-1 - -1)) + (-2149 - -2163)).
-64
Evaluate -3 + -8 - 2 - (63 - (155 - 80)).
-1
Evaluate -13 + (-30 - 1 - (-2030 + 2061)).
-75
-151 - (46 - 108) - (-3 + -4 + -4)
-78
Evaluate (1581 - 1526) + (0 - 83).
-28
Calculate 2 + (20 + -5 - 19).
-2
What is -11 - (-5 - (10 - (12 + -16)) - 4)?
12
Calculate (-9 - 5) + 31 + 10 - 44.
-17
Evaluate 48 + -2 + -32 + 31 + -119.
-74
154 + -154 - (6 + 15 - 1)
-20
What is (-1 - 0) + 3 + -21 + 654 + -663?
-28
What is the value of (1 + -72 - (2266 + -2277)) + -7?
-67
Evaluate -3 + (-15 - -17) + 8 + (11 - 18) - -96.
96
What is the value of 120 + 9 + -1 + -16 + 14?
126
What is -3 + 86 + (18 - (10 + 0)) + -46 + 32?
77
What is -45 + 84 + -52 + 25 + -3 - (1 - -41)?
-33
What is the value of (-44 - (-51 + (21 - 55))) + (0 - 14)?
27
What is the value of 3218 + -3217 - (1 + 9)?
-9
11 + (-6 + -36 - -32)
1
What is the value of -2 + 1 + 21 + 762 + -824?
-42
-126 - ((-98 - 25) + 51)
-54
What is the value of (-50 - (-57 - -6)) + (-1 - -3 - 12) + 37?
28
58 - 0 - (-15 - (-21 + -36) - 31)
47
Calculate -4 - (3 + (-7 - (-11 + 5)) + 20) - -1.
-25
(30 - 71 - 10) + -12 + 14 + 0
-49
What is the value of 3 - -4 - (0 + 19 + (-997 - -980))?
5
What is (5 + -1 + 2 - (56 - 52)) + -11?
-9
What is -25 + 24 + (2 + (-12 - 2) - (-11 + 12))?
-14
Evaluate 2 - -155 - (-219 + 457 + -205).
124
(11 + -22 - -10 - 13) + 0 + 43
29
174 - -93 - 91 - (40 + -8)
144
Evaluate 60 + 31 + -40 + -19.
32
Evaluate -43 + 17 - (6 - -3 - 3).
-32
What is (-15 - -7) + (20 - 23) + 8 - -64?
61
Calculate (16 - 74 - -123) + -3 + 4 + -3 + 3.
66
What is 5 + -5 + -89 - (9 + (-9 - 14))?
-75
What is (-1245 - -1265) + (-60 - (4 + -2))?
-42
(-31 - -31) + (-5 + 0 + -3 - (-1 - 0))
-7
What is the value of 2 + -52 - (4264 + -4387)?
73
Evaluate 22 - (-41 - -49) - (-3 + 32).
-15
What is the value of 18 - 38 - -14 - (7 - 9 - 38)?
34
What is the value of -32 - (21 - (5 - (-18 - -19)))?
-49
Calculate (-57 - (0 + 16 + 2) - 4) + 5.
-74
Calculate (2 - -1) + 0 + -34 + 1487 + -1451.
5
(-4 - (-4 - -17)) + 0 + 32 - (2 - 1)
14
What is 6 - (20 - (32 - 14) - -29)?
-25
Evaluate -8 + (-30 - -23) - ((1 - (1 + 1)) + 0).
-14
What is the value of (6 - -1) + (180 - 196) - (1 - 18)?
8
Evaluate 8 - (-35 - -16 - -10) - (2 + 84).
-69
Evaluate (-54 - (-19 + 4 + 29)) + 2.
-66
Evaluate 2 + -5 + 119 + -244 + 83.
-45
What is (109